14100491 a composite number?
True
Is 793965617 a prime number?
True
Is 5160307609 prime?
True
Is 150036289069 a prime number?
False
Is 1309591711 composite?
False
Is 3059837699 prime?
True
Is 187848885671 composite?
True
Is 1979607743 prime?
True
Is 59783522254 a prime number?
False
Is 31324528171 a composite number?
False
Is 861036137 composite?
True
Is 414430482215 composite?
True
Is 95765845849 a composite number?
True
Is 533935393 a composite number?
True
Is 48567441547 composite?
False
Is 23395007 prime?
False
Is 8414698651 a prime number?
False
Is 1758122893 composite?
True
Is 178712899 prime?
False
Is 803499553 composite?
True
Is 983185969 prime?
True
Is 2850109663 prime?
True
Is 3187853726 a prime number?
False
Is 9654651995 composite?
True
Is 18839723623 prime?
False
Is 788448739 a composite number?
True
Is 6874238639 prime?
False
Is 603292793 composite?
True
Is 85692031 prime?
False
Is 713001257 a composite number?
False
Is 58101082559 a prime number?
False
Is 6129776327 composite?
False
Is 8643353305 composite?
True
Is 1424743611 a prime number?
False
Is 443411499 a prime number?
False
Is 30806468183 a composite number?
True
Is 40219968661 a prime number?
True
Is 44190487801 prime?
True
Is 89003555317 prime?
True
Is 1863785087 prime?
True
Is 31953953 a prime number?
False
Is 1488731773 composite?
False
Is 2144556623 a composite number?
True
Is 53957830957 a prime number?
False
Is 102831100793 a composite number?
True
Is 3285021601 prime?
False
Is 397335881 prime?
False
Is 2553859433 a prime number?
True
Is 1788675617 prime?
False
Is 26461254415 prime?
False
Is 525255977 composite?
False
Is 173525751271 prime?
True
Is 1452637499 a prime number?
True
Is 1527374941 prime?
True
Is 54858292057 a prime number?
False
Is 4033984433 a prime number?
True
Is 10024694027 composite?
True
Is 46849993013 prime?
False
Is 11718123653 a prime number?
True
Is 11816826529 prime?
False
Is 916680091 a prime number?
False
Is 78035371 composite?
True
Is 5049400403 prime?
False
Is 245171285 a prime number?
False
Is 9958014051 a prime number?
False
Is 232709237 composite?
False
Is 5062072835 composite?
True
Is 48029266807 prime?
True
Is 80687984837 a composite number?
False
Is 1266794251 a composite number?
True
Is 8109608641 prime?
True
Is 74523958477 a prime number?
True
Is 918240758 composite?
True
Is 84291041 composite?
True
Is 2491194113 a composite number?
False
Is 9363938749 a prime number?
False
Is 1999981849 prime?
True
Is 40355142673 prime?
True
Is 1100417677 a composite number?
True
Is 3356792941 a prime number?
False
Is 70095749 a composite number?
False
Is 6979422427 prime?
False
Is 2730714313 a composite number?
False
Is 46171278407 prime?
False
Is 18927863281 prime?
False
Is 200151769 a composite number?
True
Is 2095774067 a composite number?
False
Is 7178101157 a composite number?
True
Is 17821052819 prime?
False
Is 135617485889 composite?
False
Is 26009724383 composite?
False
Is 2072615107 prime?
True
Is 2199219751 prime?
True
Is 1066339049 composite?
False
Is 6578376263 composite?
False
Is 432124558 a composite number?
True
Is 119827109 a composite number?
False
Is 3079765771 composite?
False
Is 23041707259 prime?
True
Is 4515492361 composite?
True
Is 347278201 a composite number?
False
Is 1591663433 a prime number?
False
Is 985837483 a composite number?
False
Is 4255099073 a composite number?
False
Is 3585619333 a composite number?
True
Is 3740900191 prime?
False
Is 5408905169 composite?
False
Is 5621739017 a composite number?
False
Is 1244593633 a composite number?
True
Is 436891813 a composite number?
True
Is 45740858939 a composite number?
False
Is 18878664647 a composite number?
True
Is 728270339 prime?
False
Is 7292734045 prime?
False
Is 4201916413 a prime number?
False
Is 25980097537 a prime number?
True
Is 19926348179 a prime number?
True
Is 861489271 prime?
False
Is 22970203231 a composite number?
False
Is 13734628889 a composite number?
False
Is 1645780405 a composite number?
True
Is 943209163 composite?
True
Is 18169906049 prime?
True
Is 10363702291 composite?
False
Is 295365883 composite?
True
Is 405243341 prime?
True
Is 33429654809 composite?
True
Is 2789087711 composite?
True
Is 23248362377 a prime number?
False
Is 46882255027 prime?
True
Is 39438062995 prime?
False
Is 55031069953 a composite number?
True
Is 14239018403 composite?
True
Is 36621160341 a prime number?
False
Is 81929153 composite?
False
Is 20940975829 composite?
False
Is 639081913 prime?
True
Is 10632303371 a prime number?
False
Is 71775984043 a composite number?
False
Is 207904913 a prime number?
True
Is 17322072553 composite?
True
Is 10712355158 a composite number?
True
Is 6921448927 composite?
False
Is 290185562965 composite?
True
Is 1526398843 a prime number?
False
Is 4033185113 prime?
False
Is 365158307 a composite number?
False
Is 523025513 composite?
False
Is 104423443 prime?
False
Is 25407336967 a prime number?
False
Is 3792815317 a prime number?
True
Is 1653875911 a prime number?
False
Is 3700359997 composite?
False
Is 13987682233 a composite number?
True
Is 2771750543 a composite number?
False
Is 15338285981 prime?
False
Is 7311202253 prime?
True
Is 1447291217 composite?
True
Is 472359997 prime?
False
Is 7262943577 prime?
False
Is 22249091273 prime?
True
Is 790672991 a composite number?
False
Is 2123364937 a prime number?
False
Is 1462007863 a prime number?
True
Is 2497129463 a composite number?
True
Is 6700016399 a prime number?
False
Is 179013509 a prime number?
True
Is 682265849 composite?
False
Is 475350739 composite?
True
Is 6509370527 prime?
False
Is 214742587 composite?
True
Is 2204182885 a prime number?
False
Is 430126729 prime?
True
Is 185484995237 composite?
False
Is 1141788779 composite?
False
Is 10053438977 prime?
True
Is 12169936517 a composite number?
False
Is 1785500953 prime?
True
Is 165251783 composite?
True
Is 1506487771 a composite number?
False
Is 3782623507 prime?
False
Is 24409658717 a composite number?
False
Is 627848911 a composite number?
True
Is 4661620837 a composite number?
False
Is 15892054891 a prime number?
True
Is 4669185791 prime?
True
Is 124415983 composite?
True
Is 11308998241 composite?
True
Is 17675512957 composite?
False
Is 25097486923 a composite number?
False
Is 17938525019 a prime number?
False
Is 288340399 a prime number?
True
Is 898197487 prime?
False
Is 1126907711 prime?
False
Is 50191081949 composite?
True
Is 669744849 a composite number?
True
Is 20891879 composite?
False
Is 71484995717 a composite number?
False
Is 1731942613 a composite number?
False
Is 24475718869 a prime number?
False
Is 33164821 a prime number?
False
Is 161723837953 a prime number?
True
Is 2591034143 a prime number?
True
Is 81631357403 prime?
False
Is 1257386545 a composite number?
True
Is 9247096711 composite?
False
Is 250735255 prime?
False
Is 195227821 prime?
True
Is 2169453241 a prime number?
False
Is 9883729153 a composite number?
True
Is 927356411 a prime number?
False
Is 9292259006 composite?
True
Is 1040217691 composite?
False
Is 393686117 a composite number?
True
Is 25071454627 a prime number?
True
Is 6551486671 composite?
False
Is 6200277841 composite?
False
Is 1257340603 a composite number?
True
Is 572162953 a prime number?
False
Is 6980945849 a composite number?
True
Is 825511321 prime?
False
Is 139422473105 composite?
True
Is 11250059965 a prime number?
False
Is 390400333 composite?
True
Is 1961238319 prime?
True
Is 1601386673 composite?
True
Is 530947037 a prime number?
True
Is 902530207 prime?
False
Is 126257410117 a prime number?
True
Is 137910560455 a composite number?
True
Is 1727142211 a prime number?
False
Is 5490780479 a composite number?
True
Is 3670120681 a composite number?
True
Is 53973724247 composite?
True
Is 131859897359 a composite number?
True
Is 235686313817 a prime number?
False
Is 96035521 prime?
False
Is 26686928077 prime?
False
Is 1869890551 composite?
False
Is 1344855307 composite?
False
Is 3433677757 composite?
True
Is 240720141 a prime number?
False
Is 24877915129 a composite number?
False
Is 16274856137 a composite number?
False
Is 133542991 prime?
False
Is 102726909169 composite?
True
Is 228714573469 a composite number?
True
Is 54758078051 a prime number?
True
Is 7541298257 prime?
False
Is 1201